{"id":33,"date":"2025-12-16T10:12:04","date_gmt":"2025-12-16T10:12:04","guid":{"rendered":"https:\/\/krankenkasse-beratung.logisch.ch\/?page_id=33"},"modified":"2025-12-16T10:12:04","modified_gmt":"2025-12-16T10:12:04","slug":"krankenkassenvergleich","status":"publish","type":"page","link":"https:\/\/krankenkasse-beratung.logisch.ch\/index.php\/krankenkasse\/krankenkassenvergleich\/","title":{"rendered":"Krankenkassenvergleich"},"content":{"rendered":"\n<h1 class=\"wp-block-heading\">unabh\u00e4ngiger Krankenkassenvergleich<\/h1>\n\n\n\n<h2 class=\"wp-block-heading\">Neutrale Krankenkassen-Beratung<\/h2>\n\n\n\n<p>unabh\u00e4ngiger Krankenkassenvergleich zu Schweizer Krankenkassen und ohne Eigeninteresse, f\u00fcr den besten Vergleich.<\/p>\n\n\n\n<h2 class=\"wp-block-heading\">Individuelle Krankenkassenl\u00f6sung<\/h2>\n\n\n\n<p>Mit einem erfahrenen Partner den richtigen Tarif finden, der perfekt auf Ihre Bed\u00fcrfnisse abgestimmt ist.<\/p>\n\n\n\n<h2 class=\"wp-block-heading\">Versicherungssicherheit durch Vergleich<\/h2>\n\n\n\n<p>Sparen Sie bares Geld mit einem massgeschneiderten Versicherungsvergleich, der auf Ihre Situation abgestimmt ist.<\/p>\n\n\n\n<p>Anfrage stellen<\/p>\n\n\n\n<ul class=\"wp-block-list\">\n<li><\/li>\n<\/ul>\n\n\n\n<p><strong>Vorname und Nachname<\/strong><\/p>\n\n\n\n<p><strong>Wohnort<\/strong><\/p>\n\n\n\n<p><strong>E-Mail<\/strong><\/p>\n\n\n\n<p><strong>Telefonnummer<\/strong><\/p>\n\n\n\n<p><strong>Folgende Themen interessieren mich zus\u00e4tzlich:<\/strong><\/p>\n\n\n\n<p>Krankenkasse BeratungKrankenkassenvergleichKrankenkassenmodelleFamilienrabattePr\u00e4mienverg\u00fcnstigungenNeu in der Schweiz<\/p>\n\n\n\n<p>Angebot anfordern<\/p>\n\n\n\n<p>Mit dem Absenden dieses Formulars akzeptierst du die&nbsp;<a href=\"https:\/\/krankenkasse-beratung.ch\/agb\/\">Nutzungsbedingungen<\/a>&nbsp;und best\u00e4tigst, diese gelesen zu haben. Deine Daten werden nicht weitergegeben.<\/p>\n\n\n\n<h3 class=\"wp-block-heading\">Fragen zur Krankenkasse kl\u00e4ren<\/h3>\n\n\n\n<p>Gerne helfen wir Ihnen weiter<\/p>\n\n\n\n<p>Sie haben Fragen zum Thema Krankenkasse oder w\u00fcnschen einfach einmal eine professionelle Beratung, melden Sie sich jetzt beim Portal f\u00fcr unabh\u00e4ngige Versicherungsberatung. Wir helfen Ihnen gerne weiter.<a href=\"https:\/\/krankenkasse-beratung.ch\/kontakt\">Kontakt<\/a><\/p>\n\n\n\n<h2 class=\"wp-block-heading\">Krankenkassenvergleich Schweiz 2026<\/h2>\n\n\n\n<p>Jetzt Pr\u00e4mien sparen und die beste Versicherung finden<\/p>\n\n\n\n<p>Die Krankenkassenpr\u00e4mien steigen \u2013 das ist Fakt. Doch wer vergleicht, kann sparen. Wir zeigen Ihnen, wie Sie mit wenigen Klicks die passende&nbsp;<strong>Krankenkasse in der Schweiz<\/strong>&nbsp;finden, Ihre monatlichen Kosten senken und trotzdem optimal abgesichert bleiben.<\/p>\n\n\n\n<h2 class=\"wp-block-heading\">Warum ein Krankenkassenvergleich 2026 besonders lohnt<\/h2>\n\n\n\n<p>Die&nbsp;<strong>durchschnittliche Pr\u00e4mie<\/strong>&nbsp;in der Grundversicherung steigt 2025 auf&nbsp;<strong>378.70 CHF<\/strong>. Das sind \u00fcber 230 Franken mehr pro Jahr im Vergleich zu 2024. Besonders betroffen sind Familien, Rentner und Personen mit niedriger Franchise. Mit einem gezielten&nbsp;<strong>Vergleich der Krankenkassen<\/strong>&nbsp;k\u00f6nnen Sie mehrere tausend Franken im Jahr sparen \u2013 ohne auf Leistungen zu verzichten.<\/p>\n\n\n\n<h2 class=\"wp-block-heading\">Gesetzlich gleich, aber preislich unterschiedlich<\/h2>\n\n\n\n<p>Die gute Nachricht zuerst: In der&nbsp;<strong>obligatorischen Grundversicherung<\/strong>&nbsp;sind die Leistungen bei allen Anbietern identisch. Das ist gesetzlich geregelt. Unterschiede gibt es nur beim Preis und beim Service.<\/p>\n\n\n\n<p>Leistungen der Grundversicherung:<\/p>\n\n\n\n<ul class=\"wp-block-list\">\n<li>Arztbesuche und Notf\u00e4lle<\/li>\n\n\n\n<li>Spitalaufenthalte im Wohnkanton<\/li>\n\n\n\n<li>Medikamente aus der Spezialit\u00e4tenliste<\/li>\n\n\n\n<li>Pr\u00e4ventionsleistungen<\/li>\n<\/ul>\n\n\n\n<p><img decoding=\"async\" alt=\"\ud83d\udca1\" src=\"https:\/\/s.w.org\/images\/core\/emoji\/16.0.1\/svg\/1f4a1.svg\">&nbsp;Tipp: Sparen Sie nicht an der Gesundheit \u2013 sparen Sie an der richtigen Stelle: bei der Wahl der&nbsp;<strong>richtigen Krankenkasse<\/strong>, deshalb lohnt ein<strong>&nbsp;Krankenkassenvergleich<\/strong>.<\/p>\n\n\n\n<h2 class=\"wp-block-heading\">Diese Faktoren beeinflussen Ihre Krankenkassenpr\u00e4mie<\/h2>\n\n\n\n<figure class=\"wp-block-table\"><table class=\"has-fixed-layout\"><thead><tr><th>Faktor<\/th><th>Einfluss auf die Pr\u00e4mie<\/th><\/tr><\/thead><tbody><tr><td>Wohnort<\/td><td>Regionale Unterschiede von bis zu 30\u202f%<\/td><\/tr><tr><td>Franchise<\/td><td>H\u00f6here Franchise = tiefere Pr\u00e4mie<\/td><\/tr><tr><td>Versicherungsmodell<\/td><td>Hausarzt-, Telmed- oder HMO-Modelle g\u00fcnstiger<\/td><\/tr><tr><td>Alter<\/td><td>Pr\u00e4mien steigen mit dem Lebensalter<\/td><\/tr><tr><td>Unfalldeckung<\/td><td>Optional f\u00fcr Erwerbst\u00e4tige \u2013 spart bis zu 10\u202f%<\/td><\/tr><\/tbody><\/table><\/figure>\n\n\n\n<h2 class=\"wp-block-heading\">Welches Versicherungsmodell passt zu Ihnen?<\/h2>\n\n\n\n<figure class=\"wp-block-table\"><table class=\"has-fixed-layout\"><thead><tr><th>Modell<\/th><th>Beschreibung<\/th><th>Sparpotenzial<\/th><\/tr><\/thead><tbody><tr><td>Standard<\/td><td>Freie Arztwahl<\/td><td>\u2014<\/td><\/tr><tr><td>Hausarzt<\/td><td>Erstkontakt beim gew\u00e4hlten Hausarzt<\/td><td>bis zu 15\u202f%<\/td><\/tr><tr><td>Telmed<\/td><td>Telefonischer Erstkontakt<\/td><td>bis zu 20\u202f%<\/td><\/tr><tr><td>HMO<\/td><td>Behandlung im \u00c4rztenetzwerk<\/td><td>bis zu 25\u202f%<\/td><\/tr><\/tbody><\/table><\/figure>\n\n\n\n<h2 class=\"wp-block-heading\">So w\u00e4hlen Sie die passende Franchise<\/h2>\n\n\n\n<p>Die Franchise ist der Betrag, den Sie pro Jahr selbst bezahlen, bevor die Kasse leistet. Zur Auswahl stehen:<br>300 CHF, 500 CHF, 1\u2019000 CHF, 1\u2019500 CHF, 2\u2019000 CHF oder 2\u2019500 CHF.<\/p>\n\n\n\n<p><strong>Unsere Empfehlung:<\/strong><\/p>\n\n\n\n<ul class=\"wp-block-list\">\n<li>Gesunde, junge Menschen: 2\u2019500 CHF w\u00e4hlen \u2192 tiefere Pr\u00e4mie<\/li>\n\n\n\n<li>Chronisch Kranke: 300 CHF \u2192 h\u00f6here Pr\u00e4mie, aber geringeres Risiko<\/li>\n<\/ul>\n\n\n\n<h2 class=\"wp-block-heading\">Wann und wie kann ich die Krankenkasse wechseln?<\/h2>\n\n\n\n<p><strong>K\u00fcndigungsfrist:<\/strong><\/p>\n\n\n\n<ul class=\"wp-block-list\">\n<li>Bis\u00a0<strong>30. November 2025<\/strong>\u00a0(Eingang beim alten Versicherer!)<\/li>\n<\/ul>\n\n\n\n<p>Wichtige Schritte:<\/p>\n\n\n\n<ol class=\"wp-block-list\">\n<li>Neue Krankenkasse ausw\u00e4hlen<\/li>\n\n\n\n<li>Offerte anfordern oder online abschliessen<\/li>\n\n\n\n<li>K\u00fcndigung fristgerecht senden<\/li>\n\n\n\n<li>Neue Police erhalten und sorgenfrei ins neue Jahr starten<\/li>\n<\/ol>\n\n\n\n<p><strong>Keine Sorge:<\/strong>&nbsp;Kein Anbieter darf Sie f\u00fcr die Grundversicherung ablehnen \u2013 egal wie alt oder krank Sie sind.<\/p>\n\n\n\n<hr class=\"wp-block-separator has-alpha-channel-opacity\"\/>\n\n\n\n<h2 class=\"wp-block-heading\">Zusatzversicherung: Hier lohnt sich der Vergleich besonders<\/h2>\n\n\n\n<p>Im Gegensatz zur Grundversicherung gibt es bei der&nbsp;<strong>Zusatzversicherung<\/strong>&nbsp;grosse Unterschiede:<\/p>\n\n\n\n<figure class=\"wp-block-table\"><table class=\"has-fixed-layout\"><thead><tr><th>Zusatzversicherung<\/th><th>Leistungen<\/th><\/tr><\/thead><tbody><tr><td>Spitalzusatz<\/td><td>freie Spitalwahl, Ein-\/Zweibettzimmer<\/td><\/tr><tr><td>Ambulant<\/td><td>Alternativmedizin, Brillen, Check-ups<\/td><\/tr><tr><td>Zahnversicherung<\/td><td>Zahnkontrollen, Kieferorthop\u00e4die<\/td><\/tr><tr><td>Reiseversicherung<\/td><td>Auslandbehandlungen, R\u00fccktransport<\/td><\/tr><\/tbody><\/table><\/figure>\n\n\n\n<p><img decoding=\"async\" alt=\"\ud83d\udc49\" src=\"https:\/\/s.w.org\/images\/core\/emoji\/16.0.1\/svg\/1f449.svg\">&nbsp;Ein Vergleich lohnt sich hier doppelt \u2013 f\u00fcr mehr Leistung und weniger Kosten.<\/p>\n\n\n\n<hr class=\"wp-block-separator has-alpha-channel-opacity\"\/>\n\n\n\n<h2 class=\"wp-block-heading\">Top-Kriterien bei der Auswahl Ihrer Krankenkasse<\/h2>\n\n\n\n<ol class=\"wp-block-list\">\n<li>Pr\u00e4mienh\u00f6he: W\u00e4hlen Sie die tiefste Pr\u00e4mie bei gleicher Leistung.<\/li>\n\n\n\n<li>Servicequalit\u00e4t: Bewertungen auf Comparis, bonus.ch &amp; Moneyland nutzen.<\/li>\n\n\n\n<li>Digitale Services: App, Online-Schadenmeldung &amp; Chat-Support<\/li>\n\n\n\n<li>Transparente Kommunikation: Verst\u00e4ndliche Policen &amp; schnelle R\u00fcckmeldungen<\/li>\n<\/ol>\n\n\n\n<h2 class=\"wp-block-heading\">Jetzt vergleichen \u2013 2026 sparen!<\/h2>\n\n\n\n<p>Ein Wechsel der Krankenkasse ist einfacher, als viele denken \u2013 und das Sparpotenzial ist riesig. Nutzen Sie den Wettbewerb zu Ihrem Vorteil und finden Sie&nbsp;<strong>Ihre optimale Krankenkasse 2026<\/strong>. Dank identischer Leistungen in der Grundversicherung verlieren Sie nichts \u2013 gewinnen aber finanziell deutlich.<\/p>\n\n\n\n<figure class=\"wp-block-image\" id=\"attachment_6451\"><img decoding=\"async\" src=\"https:\/\/krankenkasse-beratung.ch\/wp-content\/uploads\/2024\/10\/Krankenkassen-Vergleich-1-300x168.webp\" alt=\"Krankenkassenvergleich jetzt Angebot einholen\" class=\"wp-image-6451\"\/><figcaption class=\"wp-element-caption\">#image_title<\/figcaption><\/figure>\n\n\n\n<h3 class=\"wp-block-heading\">H\u00e4ufige Fragen (FAQ)<\/h3>\n\n\n\n<p>Wie oft kann ich meine Krankenkasse wechseln?<br>J\u00e4hrlich \u2013 bei K\u00fcndigung bis Ende November.<\/p>\n\n\n\n<p>Muss ich bei einem Wechsel Leistungen verlieren?<br>Nein \u2013 die Grundversorgung bleibt gesetzlich identisch.<\/p>\n\n\n\n<p>Darf mich eine neue Krankenkasse ablehnen?<br>Nicht bei der Grundversicherung. Zusatzversicherung kann jedoch abgelehnt werden.<\/p>\n\n\n\n<p>Ist der Vergleich wirklich kostenlos?<br>Ja \u2013 100\u202f% kostenlos und unverbindlich.<\/p>\n\n\n\n<hr class=\"wp-block-separator has-alpha-channel-opacity\"\/>\n\n\n\n<p><strong>Jetzt Krankenkassen vergleichen<\/strong>, sparen und abgesichert ins Jahr 2025 starten.<\/p>\n","protected":false},"excerpt":{"rendered":"<p>unabh\u00e4ngiger Krankenkassenvergleich Neutrale Krankenkassen-Beratung unabh\u00e4ngiger Krankenkassenvergleich zu Schweizer Krankenkassen und ohne Eigeninteresse, f\u00fcr den besten Vergleich. Individuelle Krankenkassenl\u00f6sung Mit einem erfahrenen Partner den richtigen Tarif finden, der perfekt auf Ihre Bed\u00fcrfnisse abgestimmt ist. Versicherungssicherheit durch Vergleich Sparen Sie bares Geld mit einem massgeschneiderten Versicherungsvergleich, der auf Ihre Situation abgestimmt ist. Anfrage stellen Vorname und Nachname [&hellip;]<\/p>\n","protected":false},"author":1,"featured_media":0,"parent":13,"menu_order":1,"comment_status":"closed","ping_status":"closed","template":"","meta":{"footnotes":""},"class_list":["post-33","page","type-page","status-publish","hentry"],"yoast_head":"<!-- This site is optimized with the Yoast SEO plugin v26.6 - https:\/\/yoast.com\/wordpress\/plugins\/seo\/ -->\n<title>Krankenkassenvergleich - Krankenkasse Beratung<\/title>\n<meta name=\"robots\" content=\"index, follow, max-snippet:-1, max-image-preview:large, max-video-preview:-1\" \/>\n<link rel=\"canonical\" href=\"https:\/\/krankenkasse-beratung.logisch.ch\/index.php\/krankenkasse\/krankenkassenvergleich\/\" \/>\n<meta property=\"og:locale\" content=\"de_DE\" \/>\n<meta property=\"og:type\" content=\"article\" \/>\n<meta property=\"og:title\" content=\"Krankenkassenvergleich - Krankenkasse Beratung\" \/>\n<meta property=\"og:description\" content=\"unabh\u00e4ngiger Krankenkassenvergleich Neutrale Krankenkassen-Beratung unabh\u00e4ngiger Krankenkassenvergleich zu Schweizer Krankenkassen und ohne Eigeninteresse, f\u00fcr den besten Vergleich. Individuelle Krankenkassenl\u00f6sung Mit einem erfahrenen Partner den richtigen Tarif finden, der perfekt auf Ihre Bed\u00fcrfnisse abgestimmt ist. Versicherungssicherheit durch Vergleich Sparen Sie bares Geld mit einem massgeschneiderten Versicherungsvergleich, der auf Ihre Situation abgestimmt ist. Anfrage stellen Vorname und Nachname [&hellip;]\" \/>\n<meta property=\"og:url\" content=\"https:\/\/krankenkasse-beratung.logisch.ch\/index.php\/krankenkasse\/krankenkassenvergleich\/\" \/>\n<meta property=\"og:site_name\" content=\"Krankenkasse Beratung\" \/>\n<meta property=\"og:image\" content=\"https:\/\/s.w.org\/images\/core\/emoji\/16.0.1\/svg\/1f4a1.svg\" \/>\n<meta name=\"twitter:card\" content=\"summary_large_image\" \/>\n<meta name=\"twitter:label1\" content=\"Gesch\u00e4tzte Lesezeit\" \/>\n\t<meta name=\"twitter:data1\" content=\"3\u00a0Minuten\" \/>\n<script type=\"application\/ld+json\" class=\"yoast-schema-graph\">{\"@context\":\"https:\/\/schema.org\",\"@graph\":[{\"@type\":\"WebPage\",\"@id\":\"https:\/\/krankenkasse-beratung.logisch.ch\/index.php\/krankenkasse\/krankenkassenvergleich\/\",\"url\":\"https:\/\/krankenkasse-beratung.logisch.ch\/index.php\/krankenkasse\/krankenkassenvergleich\/\",\"name\":\"Krankenkassenvergleich - Krankenkasse Beratung\",\"isPartOf\":{\"@id\":\"https:\/\/krankenkasse-beratung.logisch.ch\/#website\"},\"primaryImageOfPage\":{\"@id\":\"https:\/\/krankenkasse-beratung.logisch.ch\/index.php\/krankenkasse\/krankenkassenvergleich\/#primaryimage\"},\"image\":{\"@id\":\"https:\/\/krankenkasse-beratung.logisch.ch\/index.php\/krankenkasse\/krankenkassenvergleich\/#primaryimage\"},\"thumbnailUrl\":\"https:\/\/s.w.org\/images\/core\/emoji\/16.0.1\/svg\/1f4a1.svg\",\"datePublished\":\"2025-12-16T10:12:04+00:00\",\"breadcrumb\":{\"@id\":\"https:\/\/krankenkasse-beratung.logisch.ch\/index.php\/krankenkasse\/krankenkassenvergleich\/#breadcrumb\"},\"inLanguage\":\"de\",\"potentialAction\":[{\"@type\":\"ReadAction\",\"target\":[\"https:\/\/krankenkasse-beratung.logisch.ch\/index.php\/krankenkasse\/krankenkassenvergleich\/\"]}]},{\"@type\":\"ImageObject\",\"inLanguage\":\"de\",\"@id\":\"https:\/\/krankenkasse-beratung.logisch.ch\/index.php\/krankenkasse\/krankenkassenvergleich\/#primaryimage\",\"url\":\"https:\/\/s.w.org\/images\/core\/emoji\/16.0.1\/svg\/1f4a1.svg\",\"contentUrl\":\"https:\/\/s.w.org\/images\/core\/emoji\/16.0.1\/svg\/1f4a1.svg\"},{\"@type\":\"BreadcrumbList\",\"@id\":\"https:\/\/krankenkasse-beratung.logisch.ch\/index.php\/krankenkasse\/krankenkassenvergleich\/#breadcrumb\",\"itemListElement\":[{\"@type\":\"ListItem\",\"position\":1,\"name\":\"Start\",\"item\":\"https:\/\/krankenkasse-beratung.logisch.ch\/\"},{\"@type\":\"ListItem\",\"position\":2,\"name\":\"Krankenkasse\",\"item\":\"https:\/\/krankenkasse-beratung.logisch.ch\/index.php\/krankenkasse\/\"},{\"@type\":\"ListItem\",\"position\":3,\"name\":\"Krankenkassenvergleich\"}]},{\"@type\":\"WebSite\",\"@id\":\"https:\/\/krankenkasse-beratung.logisch.ch\/#website\",\"url\":\"https:\/\/krankenkasse-beratung.logisch.ch\/\",\"name\":\"Krankenkasse Beratung\",\"description\":\"Beratungen und Vergleich f\u00fcr Ihre Krankenkasse\",\"potentialAction\":[{\"@type\":\"SearchAction\",\"target\":{\"@type\":\"EntryPoint\",\"urlTemplate\":\"https:\/\/krankenkasse-beratung.logisch.ch\/?s={search_term_string}\"},\"query-input\":{\"@type\":\"PropertyValueSpecification\",\"valueRequired\":true,\"valueName\":\"search_term_string\"}}],\"inLanguage\":\"de\"}]}<\/script>\n<!-- \/ Yoast SEO plugin. -->","yoast_head_json":{"title":"Krankenkassenvergleich - Krankenkasse Beratung","robots":{"index":"index","follow":"follow","max-snippet":"max-snippet:-1","max-image-preview":"max-image-preview:large","max-video-preview":"max-video-preview:-1"},"canonical":"https:\/\/krankenkasse-beratung.logisch.ch\/index.php\/krankenkasse\/krankenkassenvergleich\/","og_locale":"de_DE","og_type":"article","og_title":"Krankenkassenvergleich - Krankenkasse Beratung","og_description":"unabh\u00e4ngiger Krankenkassenvergleich Neutrale Krankenkassen-Beratung unabh\u00e4ngiger Krankenkassenvergleich zu Schweizer Krankenkassen und ohne Eigeninteresse, f\u00fcr den besten Vergleich. Individuelle Krankenkassenl\u00f6sung Mit einem erfahrenen Partner den richtigen Tarif finden, der perfekt auf Ihre Bed\u00fcrfnisse abgestimmt ist. Versicherungssicherheit durch Vergleich Sparen Sie bares Geld mit einem massgeschneiderten Versicherungsvergleich, der auf Ihre Situation abgestimmt ist. Anfrage stellen Vorname und Nachname [&hellip;]","og_url":"https:\/\/krankenkasse-beratung.logisch.ch\/index.php\/krankenkasse\/krankenkassenvergleich\/","og_site_name":"Krankenkasse Beratung","og_image":[{"url":"https:\/\/s.w.org\/images\/core\/emoji\/16.0.1\/svg\/1f4a1.svg","type":"","width":"","height":""}],"twitter_card":"summary_large_image","twitter_misc":{"Gesch\u00e4tzte Lesezeit":"3\u00a0Minuten"},"schema":{"@context":"https:\/\/schema.org","@graph":[{"@type":"WebPage","@id":"https:\/\/krankenkasse-beratung.logisch.ch\/index.php\/krankenkasse\/krankenkassenvergleich\/","url":"https:\/\/krankenkasse-beratung.logisch.ch\/index.php\/krankenkasse\/krankenkassenvergleich\/","name":"Krankenkassenvergleich - Krankenkasse Beratung","isPartOf":{"@id":"https:\/\/krankenkasse-beratung.logisch.ch\/#website"},"primaryImageOfPage":{"@id":"https:\/\/krankenkasse-beratung.logisch.ch\/index.php\/krankenkasse\/krankenkassenvergleich\/#primaryimage"},"image":{"@id":"https:\/\/krankenkasse-beratung.logisch.ch\/index.php\/krankenkasse\/krankenkassenvergleich\/#primaryimage"},"thumbnailUrl":"https:\/\/s.w.org\/images\/core\/emoji\/16.0.1\/svg\/1f4a1.svg","datePublished":"2025-12-16T10:12:04+00:00","breadcrumb":{"@id":"https:\/\/krankenkasse-beratung.logisch.ch\/index.php\/krankenkasse\/krankenkassenvergleich\/#breadcrumb"},"inLanguage":"de","potentialAction":[{"@type":"ReadAction","target":["https:\/\/krankenkasse-beratung.logisch.ch\/index.php\/krankenkasse\/krankenkassenvergleich\/"]}]},{"@type":"ImageObject","inLanguage":"de","@id":"https:\/\/krankenkasse-beratung.logisch.ch\/index.php\/krankenkasse\/krankenkassenvergleich\/#primaryimage","url":"https:\/\/s.w.org\/images\/core\/emoji\/16.0.1\/svg\/1f4a1.svg","contentUrl":"https:\/\/s.w.org\/images\/core\/emoji\/16.0.1\/svg\/1f4a1.svg"},{"@type":"BreadcrumbList","@id":"https:\/\/krankenkasse-beratung.logisch.ch\/index.php\/krankenkasse\/krankenkassenvergleich\/#breadcrumb","itemListElement":[{"@type":"ListItem","position":1,"name":"Start","item":"https:\/\/krankenkasse-beratung.logisch.ch\/"},{"@type":"ListItem","position":2,"name":"Krankenkasse","item":"https:\/\/krankenkasse-beratung.logisch.ch\/index.php\/krankenkasse\/"},{"@type":"ListItem","position":3,"name":"Krankenkassenvergleich"}]},{"@type":"WebSite","@id":"https:\/\/krankenkasse-beratung.logisch.ch\/#website","url":"https:\/\/krankenkasse-beratung.logisch.ch\/","name":"Krankenkasse Beratung","description":"Beratungen und Vergleich f\u00fcr Ihre Krankenkasse","potentialAction":[{"@type":"SearchAction","target":{"@type":"EntryPoint","urlTemplate":"https:\/\/krankenkasse-beratung.logisch.ch\/?s={search_term_string}"},"query-input":{"@type":"PropertyValueSpecification","valueRequired":true,"valueName":"search_term_string"}}],"inLanguage":"de"}]}},"_links":{"self":[{"href":"https:\/\/krankenkasse-beratung.logisch.ch\/index.php\/wp-json\/wp\/v2\/pages\/33","targetHints":{"allow":["GET"]}}],"collection":[{"href":"https:\/\/krankenkasse-beratung.logisch.ch\/index.php\/wp-json\/wp\/v2\/pages"}],"about":[{"href":"https:\/\/krankenkasse-beratung.logisch.ch\/index.php\/wp-json\/wp\/v2\/types\/page"}],"author":[{"embeddable":true,"href":"https:\/\/krankenkasse-beratung.logisch.ch\/index.php\/wp-json\/wp\/v2\/users\/1"}],"replies":[{"embeddable":true,"href":"https:\/\/krankenkasse-beratung.logisch.ch\/index.php\/wp-json\/wp\/v2\/comments?post=33"}],"version-history":[{"count":1,"href":"https:\/\/krankenkasse-beratung.logisch.ch\/index.php\/wp-json\/wp\/v2\/pages\/33\/revisions"}],"predecessor-version":[{"id":34,"href":"https:\/\/krankenkasse-beratung.logisch.ch\/index.php\/wp-json\/wp\/v2\/pages\/33\/revisions\/34"}],"up":[{"embeddable":true,"href":"https:\/\/krankenkasse-beratung.logisch.ch\/index.php\/wp-json\/wp\/v2\/pages\/13"}],"wp:attachment":[{"href":"https:\/\/krankenkasse-beratung.logisch.ch\/index.php\/wp-json\/wp\/v2\/media?parent=33"}],"curies":[{"name":"wp","href":"https:\/\/api.w.org\/{rel}","templated":true}]}}